 -3*n = 2*z - 0*n - 674, d = 5*z + 3*n. Suppose -3*b + 2*b - z = -5*q, b = 4*q - 265. What is the units digit of q?
6
Let y be (-13 - 417)*2/(-5). Let g = y + -85. Suppose -271 + g = -4*q. What is the units digit of q?
6
What is the hundreds digit of -1 + 323*(-5)/(-5)?
3
Let y be 6/(-5)*(-4 + -1). Suppose 310 = -5*x - 0*x - 2*s, x + 85 = -5*s. What is the tens digit of (52/y)/((-10)/x)?
5
Let n(j) be the second derivative of 7*j**3/6 - 7*j**2/2 - 5*j. Let b be n(4). Let v = 29 - b. What is the units digit of v?
8
Let f = -2162 - -3058. What is the tens digit of f?
9
Suppose 4*m - 3*k + 491 = 0, 0 = 5*m + 4*k + 375 + 200. Let h = m - -173. What is the units digit of h?
4
Let o(h) = 10*h**2 - h + 18. Let j be o(11). Suppose 2*l + 2*z - 426 = 0, -5*l = -4*z + 143 - j. What is the units digit of l?
4
Let k(t) = -18*t - 95. What is the units digit of k(-9)?
7
Suppose -2*x + 437 = 5*p, -300 = -4*p + 3*x + 45. Suppose 0 = -3*r + 126 + p. What is the units digit of r?
1
Suppose 0 = -i + 3359 - 1705. What is the tens digit of i?
5
Let b = -118 - -118. Suppose 3*s - 306 = m, b*s + 5*m + 294 = 3*s. What is the units digit of s?
3
Suppose 0 = 7*q - 11*q - 104. What is the units digit of ((-4)/8)/(1/q)?
3
Suppose 0 = 4*i - 5*y + 59, 0 = 3*i - i + 3*y + 35. Let b = 50 + i. Suppose -47 - b = -3*p. What is the units digit of p?
7
Suppose 0 = 3*a + 2*m - 38, -2*m + 89 = 4*a - 7*m. Suppose -a*u + 1472 = 368. What is the tens digit of u?
6
Suppose -8*m + 4*m - 36 = 4*q, -3*m + 3*q - 3 = 0. Suppose 7 = -3*i - 2*p, -4*i + 24 = -p - 3*p. What is the units digit of -4*(i - (0 - m))?
6
Suppose 371 = m - 3*d, -43*d - 1468 = -4*m - 39*d. What is the units digit of m?
5
Suppose 0 = 3*r + 3*y - 15, 4*r + 4*y = 3*y + 23. Suppose 4*v - r*v + 60 = 0. What is the tens digit of 1*(3 + v - -3)?
3
Let k be 4*1/12*9. Suppose -j + 12 = k*j. Suppose -j*s + 4*o = -0*s - 119, 5*s = 2*o + 175. What is the units digit of s?
3
Suppose 0 = 5*y - 15, h + y = -4*y + 9. Let x(b) = 2*b + 21. Let n(v) = -v - 7. Let u(g) = 8*n(g) + 3*x(g). What is the units digit of u(h)?
9
Let a = -9 + 3. Let s(f) = f**2 + 8*f + 15. Let q be s(a). Suppose 0 = -q*l - 0*l + 39. What is the tens digit of l?
1
Let x = -1430 - -2464. What is the tens digit of x?
3
Let m be 811/3 - (-1)/(-3). Suppose -123 = -3*q + m. Let l = q - 93. What is the tens digit of l?
3
Let v = -10 - -15. Suppose -v*m + 228 = -27. What is the tens digit of m?
5
What is the hundreds digit of 106*115/(-30)*-3?
2
What is the tens digit of (8/6)/((-260)/(-78))*110?
4
Let v = 323 - -982. What is the units digit of v?
5
Let p(w) = w**2 - 6*w - 3. Let u be p(7). Suppose 0 = -8*t + u*t - 24. Let b(i) = i**2 + 5*i + 11. What is the units digit of b(t)?
7
Let w be -4 + 6 - 1*2. Let o(f) = -f + 28. Let l(d) = -3*d + 84. Let v(m) = 3*l(m) - 8*o(m). What is the tens digit of v(w)?
2
Suppose 7*i - 9*i - 7229 = -3*v, 0 = -v - 3*i + 2406. What is the thousands digit of v?
2
Let b(q) = 846*q**2. What is the hundreds digit of b(1)?
8
Let r(h) = 559*h + 2. What is the tens digit of r(1)?
6
What is the units digit of 3 - (-57)/(-21) - 328/(-28)?
2
Suppose 1232 = 4*t + 3*w - 458, -8 = 4*w. What is the hundreds digit of t?
4
Let t = 3830 - 1557. What is the tens digit of t?
7
Suppose d = -4*r + 20, -168 = -6*d + d - 3*r. What is the tens digit of 2508/d + 2/6?
7
Suppose -5*l = 4*m - 3*l - 56, 3*m + 3*l - 48 = 0. Suppose -11*p + 736 = -m. What is the tens digit of p?
6
Suppose 0 = -3*w - 2*w. Suppose w = 2*m + m. What is the units digit of 10/8*(12 - m)?
5
Let k(h) = 1 + 11 + 0*h**2 + 5*h - h**2. What is the units digit of k(6)?
6
Let b(n) = -58*n**3 + 7*n**2 + 15*n - 3. What is the tens digit of b(-3)?
8
Let q(g) = -2*g**3 + 60*g**2 - 33*g - 8. What is the hundreds digit of q(29)?
7
Let q = 1056 + 2777. What is the thousands digit of q?
3
Let y = -204 - -549. What is the hundreds digit of y?
3
Let z(j) = -j**3 - 28*j**2 + 21*j - 283. What is the units digit of z(-30)?
7
Suppose 2*d = -2*l - 12, -3*l - l - 19 = -d. Let h be d/(((-3)/(-30))/(-1)). Suppose -h + 4 = -2*a. What is the units digit of a?
3
Let u(h) = 99*h**2 + 73*h + 489. What is the units digit of u(-6)?
5
Let v = -9 - -13. Suppose 3*f + 80 = v*w, -5*w - 7 = -2*f - 114. Suppose 16 = 4*q, 4*q - w + 1 = -3*j. What is the units digit of j?
2
Suppose 0 = 31*p + 33*p - 94784. What is the hundreds digit of p?
4
Suppose -2*d = 3*u - 806, 5*u + 4*d - 1344 = d. Suppose -u = -4*l - l. What is the units digit of l?
4
Suppose -3*r = -8*r + 1315. Let o = r + -38. What is the tens digit of o?
2
Let f(x) = 43*x**2 + 9*x + 19. What is the tens digit of f(-5)?
4
What is the hundreds digit of -19 + 12 + 4553 - 0?
5
Let n = -797 + 4109. What is the units digit of n?
2
Let u(z) = 308*z + 47. What is the tens digit of u(2)?
6
Let l(b) = b**3 - 3*b**2 + 2*b - 6. Let w be l(6). Suppose -x = -4*x + w. Suppose -3*d + 120 = 3*z, 0 = d + 4*z + 10 - x. What is the tens digit of d?
4
Suppose -2*h + 6744 = 1046. What is the thousands digit of h?
2
Suppose 2*a - 4 = 0, -5*q + 0*a - 43 = a. Let f(s) = -s**3 - 9*s**2 - 11*s - 10. Let j be f(q). Suppose -11 = 3*p - j. What is the tens digit of p?
2
Suppose 29*f = 32*f - 4908. What is the units digit of f?
6
Suppose 2*r - r = 5. Suppose -i - g = -72, -r*i + 280 = -i - 4*g. Suppose 0 = -2*u - 5*x + i, -25 + 10 = -5*x. What is the units digit of u?
8
Suppose n - 2*b = 704, 3*n + 3*b - 1093 = 1055. What is the hundreds digit of n?
7
Suppose t + 2*m = 266, t = -t + 5*m + 487. What is the units digit of t?
6
Let u = 72 - 67. Suppose 2*s = -u*s + 301. What is the tens digit of s?
4
Suppose -18*s + 10067 = -1579. What is the units digit of s?
7
Let w(u) = -60*u + 22. Let g be w(-5). Suppose 2*y - g = -12*y. What is the units digit of y?
3
Let b = -13 - -23. Suppose 2 = 3*p - 5*q - 0, b = p + 3*q. Suppose 4*f - 40 = p*s, -3*s + s + 7 = f. What is the units digit of f?
9
Suppose -9*q + 16*q = 3920. What is the units digit of q?
0
Suppose 5*b - 662 = x + 3*x, b + x - 136 = 0. Suppose 2*c = b + 22. What is the units digit of c?
8
Suppose 9*w - 12*w + h = -3711, -w - 3*h + 1247 = 0. What is the thousands digit of w?
1
Let h(z) = -z**3 - 4*z**2 - 4*z - 1. Let g be h(-3). What is the hundreds digit of -230*(7/42)/(g/(-6))?
1
What is the units digit of ((-9)/12)/(((-7)/(-348))/(-7))?
1
Suppose 0 - 16 = -4*l. Suppose 5*p - 1 = -l*j, -8 = -5*j + p + 15. Suppose -s - j*s + 310 = 0. What is the units digit of s?
2
Let i be 4/22 - 3*202/66. Let n(w) = w**2 + 6*w - 10. What is the tens digit of n(i)?
1
Suppose -3*z - p - 68 = z, z = -5*p + 2. Let y = 3 + z. Let d = 26 + y. What is the tens digit of d?
1
Suppose 117 = -13*c + 6162. What is the units digit of c?
5
Let d(u) = 1 + 42*u + 1 + 55*u**2 - 41*u. What is the units digit of d(-1)?
6
Let y(m) be the first derivative of -2*m**2 - 22*m - 39. What is the units digit of y(-20)?
8
Suppose -a + 7 + 41 = 0. Suppose -y = -3*y + a. What is the tens digit of y?
2
Let c = 1427 - 815. What is the tens digit of c?
1
Suppose -3*h - 79 = -2*b - 2*h, -2*h = 5*b - 211. Let q = 77 - b. What is the tens digit of (3 + -6 - 1) + q?
3
Let u be ((-1)/(-5)*0)/1. What is the tens digit of (u + -2)/(2/(-20))?
2
Suppose m - 5*b - 18 = 0, -m + 1 = -b - 5. Suppose 4*f = -f + h - 15, 2*h = -f - m. Let p = 2 - f. What is the units digit of p?
5
What is the hundreds digit of ((-1799)/2)/(62/(-248))?
5
Suppose -21 = x + 2*x. Let p(y) = -13*y - 23. What is the units digit of p(x)?
8
Let a(w) = w**3 + 7*w**2 - 6*w - 14. Let o be a(-7). Suppose z - o - 2 = 0. What is the units digit of z?
0
Let m(p) = -2*p**3 - 10*p**2 + 33*p + 51. What is the units digit of m(-10)?
1
Suppose 4*f - 6*f + 24 = 0. Suppose -43 = -4*h + 3*n, 2*n = 5*h - 64 + f. What is the tens digit of h?
1
Let f(d) = d**3 + 2*d**2 + d + 2. Let j be f(2). Suppose -j*z - 72 = -23*z. What is the units digit of z?
4
Suppose 4*i - 2223 - 557 = 0. What is the hundreds digit of i?
6
Let l be (2/2 - 4) + 5. Suppose -q - l*q + d + 12 = 0, -2*q = -3*d - 15. Let f(v) = v**2 - 2. What is the units digit of f(q)?
7
Let w be (-3)/6 - (-30)/(-4). Let z = 13 + w. Suppose -4*n + 2*n + z*x = -11, 5*n = 2*x + 38. What is the units digit of n?
8
Let l(c) = 7*c**2 - 3*c + 2*c - 8*c**2 - 3 - c**3 + 0. Let z be l(0). Let k = 7 + z. Wha